?
False
Is 4025363659 a multiple of 44?
False
Is 12572302 a multiple of 509?
False
Is 3191 a factor of 1415703105?
True
Is 8463158 a multiple of 18?
False
Does 6 divide 48085416?
True
Is 141218185 a multiple of 4?
False
Is 3 a factor of 86693428?
False
Is 71726625 a multiple of 765?
False
Is 1630 a factor of 1158304980?
False
Is 417 a factor of 61086330?
True
Is 43009488 a multiple of 36?
True
Is 2 a factor of 18514440?
True
Does 20 divide 7295001079?
False
Is 34 a factor of 1232821776?
True
Does 8 divide 7430740?
False
Does 198 divide 202432824?
True
Does 295 divide 178046496?
False
Is 42 a factor of 421563801?
False
Does 60 divide 292211220?
True
Is 131423458 a multiple of 136?
False
Does 213 divide 292731864?
True
Does 100 divide 672302200?
True
Is 80 a factor of 122177920?
True
Is 141934932 a multiple of 348?
True
Is 29751540 a multiple of 3?
True
Is 62547089 a multiple of 70?
False
Is 31009058 a multiple of 117?
False
Is 438 a factor of 516882135?
False
Is 1022753630 a multiple of 29?
False
Is 113194146 a multiple of 45?
False
Does 6 divide 32816735?
False
Is 40715948 a multiple of 172?
False
Is 234856242 a multiple of 111?
True
Is 9 a factor of 674869357?
False
Does 29 divide 7424368?
False
Is 34663031 a multiple of 767?
True
Is 30231036 a multiple of 21?
False
Is 179 a factor of 3891009457?
True
Is 104451240 a multiple of 314?
False
Is 118892586 a multiple of 734?
True
Is 3399 a factor of 132140268?
False
Does 1826 divide 257986908?
False
Is 142 a factor of 11448006?
False
Does 7 divide 745296?
False
Is 21239010 a multiple of 10?
True
Is 476486996 a multiple of 452?
False
Is 433 a factor of 385471322?
True
Does 474 divide 822219360?
True
Does 28 divide 3235693981?
False
Is 56609400 a multiple of 100?
True
Is 12 a factor of 98142144?
True
Is 98086187 a multiple of 20?
False
Is 11857336 a multiple of 4?
True
Is 120 a factor of 59065560?
True
Is 18 a factor of 10890936?
True
Is 3062674565 a multiple of 75?
False
Is 5175 a factor of 1069053935?
False
Is 205 a factor of 406768846?
False
Is 1438529040 a multiple of 936?
True
Is 1303 a factor of 55929000?
False
Is 3 a factor of 140500350?
True
Does 65 divide 383798415?
True
Does 96 divide 5213533152?
True
Is 339376765 a multiple of 1729?
True
Is 58 a factor of 45298421?
False
Is 292 a factor of 3395179057?
False
Is 35 a factor of 169939067?
False
Is 10 a factor of 111292610?
True
Is 62 a factor of 2926209280?
False
Does 151 divide 221999747?
True
Is 21962874 a multiple of 29?
False
Is 29350249 a multiple of 506?
False
Does 59 divide 128396385?
False
Does 8 divide 95147504?
True
Is 98 a factor of 1097811092?
True
Is 589370990 a multiple of 26?
True
Is 225513456 a multiple of 2769?
False
Does 3434 divide 241805110?
True
Does 1258 divide 816225039?
False
Is 34 a factor of 11599236?
True
Is 62 a factor of 1545408826?
False
Is 2783 a factor of 35271742?
True
Does 341 divide 331234783?
True
Is 30000063 a multiple of 91?
False
Does 134 divide 850579158?
False
Does 146 divide 162253596?
True
Is 246 a factor of 2162094?
True
Is 14054015 a multiple of 1613?
False
Is 2090362000 a multiple of 125?
True
Is 713 a factor of 92634386?
True
Is 313492886 a multiple of 33?
False
Does 768 divide 101803008?
True
Is 3468779680 a multiple of 10?
True
Does 4010 divide 344465677?
False
Does 3 divide 120592924?
False
Is 18149106 a multiple of 809?
True
Does 31 divide 22671261?
True
Is 7810217 a multiple of 63?
False
Does 4224 divide 111863169?
False
Does 504 divide 817474831?
False
Is 8307580 a multiple of 21?
False
Does 2192 divide 4896287936?
True
Is 1210128 a multiple of 8?
True
Is 5822348284 a multiple of 106?
True
Is 82 a factor of 1257808906?
True
Is 84 a factor of 6537804?
True
Does 155 divide 10679035?
True
Is 3174927392 a multiple of 125?
False
Does 17 divide 4177514006?
True
Is 1091808828 a multiple of 11?
True
Does 67 divide 1135332?
False
Is 3774 a factor of 93570049?
False
Is 154139290 a multiple of 755?
True
Is 287 a factor of 158393499?
False
Is 7 a factor of 113758421?
True
Does 2909 divide 480629066?
False
Is 933 a factor of 1372669020?
False
Does 15 divide 65366197?
False
Is 86 a factor of 1870070?
True
Is 1113 a factor of 406993675?
False
Does 1115 divide 10232355?
True
Is 178963925 a multiple of 175?
True
Is 519413345 a multiple of 1263?
False
Is 1511 a factor of 448245705?
True
Is 8869 a factor of 671480859?
True
Is 584332612 a multiple of 179?
True
Is 2287 a factor of 670030662?
False
Is 192 a factor of 475449067?
False
Is 4335 a factor of 2805819672?
False
Does 10 divide 632856650?
True
Is 25841398 a multiple of 25?
False
Is 147963177 a multiple of 1555?
False
Is 1211555674 a multiple of 98?
True
Is 1875794267 a multiple of 1044?
False
Is 42063119 a multiple of 2401?
True
Does 2564 divide 131176109?
False
Is 518 a factor of 1755852168?
True
Does 280 divide 32154360?
True
Is 107 a factor of 22340224?
False
Does 41 divide 653368497?
True
Does 47 divide 343825539?
True
Is 49 a factor of 312537401?
False
Is 21 a factor of 7549613?
False
Is 1528 a factor of 95888928?
False
Does 395 divide 119367420?
True
Does 4327 divide 1259399312?
True
Is 48026763 a multiple of 243?
True
Is 842 a factor of 1190139214?
True
Is 735899450 a multiple of 247?
True
Does 13 divide 16602933?
False
Is 5095 a factor of 77479665?
True
Does 165 divide 27739576?
False
Is 248081691 a multiple of 341?
False
Is 138 a factor of 31026534?
False
Is 8119 a factor of 1072686109?
False
Is 325 a factor of 105389369?
False
Is 193842377 a multiple of 1913?
True
Does 10 divide 119427940?
True
Is 1076329689 a multiple of 19?
True
Is 16438754 a multiple of 1273?
False
Does 372 divide 3799062648?
True
Does 199 divide 3416403?
False
Is 2137413944 a multiple of 17?
True
Is 6 a factor of 52450358?
False
Is 19124283 a multiple of 25?
False
Is 74485072 a multiple of 713?
False
Is 283 a factor of 45489986?
True
Is 3202 a factor of 1988946093?
False
Does 313 divide 47514026?
True
Is 63 a factor of 4992115002?
False
Does 56 divide 17281313?
False
Does 86 divide 466539?
False
Is 19752224 a multiple of 34?
False
Does 15 divide 1892770635?
True
Does 5 divide 489660695?
True
Does 13 divide 91856298?
False
Is 653676780 a multiple of 1569?
True
Does 98 divide 2538832198?
True
Is 121 a factor of 4985805?
True
Does 47 divide 633716228?
True
Is 28048130 a multiple of 22?
True
Is 150877905 a multiple of 1653?
False
Is 72687716 a multiple of 15?
False
Does 232 divide 47220545?
False
Is 28083299 a multiple of 36?
False
Does 138 divide 2109491?
False
Is 8265 a factor of 5438370000?
True
Does 12 divide 168584592?
True
Is 1050065159 a multiple of 682?
False
Does 1729 divide 1557814976?
False
Is 190 a factor of 78362270?
True
Does 29 divide 1213368157?
False
Does 1786 divide 651881904?
False
Does 95 divide 814019204?
False
Does 39 divide 9894651?
True
Is 1452 a factor of 31710695?
False
Does 4913 divide 107348999?
False
Does 362 divide 61294770?
False
Does 1512 divide 1207871190?
False
Is 35 a factor of 374224445?
True
Is 801 a factor of 34866243?
False
Is 62458397 a multiple of 406?
False
Is 1068 a factor of 4463549955?
False
Does 8715 divide 427179152?
False
Does 9 divide 592064793?
True
Is 472 a factor of 267085420?
False
Does 47 divide 7431640?
True
Does 401 divide 1814373809?
False
Is 4506 a factor of 3369009943?
False
Is 242617726 a multiple of 633?
False
Is 1044 a factor of 748120321?
False
Is 1248 a factor of 1029168381?
False
Does 19 divide 1407302304?
False
Is 74 a factor of 1150118688?
False
Is 274 a factor of 168973631?
False
Is 15 a factor of 456934145?
False
Is 217772205 a multiple of 57?
True
Is 5254063 a multiple of 126?
False
Does 435 divide 5175046858?
False
Is 10956132 a multiple of 105?
False
Is 1463200 a multiple of 160?
True
Is 25 a factor of 48148453?
False
Is 1055 a factor of 126032222?
False
Does 280 divide 262261440?
True
Is 1099 a factor of 52977050?
False
Is 2891 a factor of 51610120?
False
Is 411 a factor of 4377479?
False
Is 101041230 a multiple of 193?
False
Is 262 a factor of 76709678?
False
Does 10 divide 6417869?
False
Is 215 a factor of 388410900?
False
Does 143 divide 208735233?
False
Is 171 a factor of 159980506?
False
Is 282933120 a multiple of 240?
True
Is 6065992 a multiple of 14?
False
Is 46 a factor of 808877415?
False
Do